39*114/18. What is the highest common factor of l and 8?
8
Suppose -2*s + 4*s = -48. Let k be (s/10)/(2/(-5)). Let l(g) = 4*g**2 - 4*g - 10. Let n be l(k). Calculate the highest common divisor of 10 and n.
10
Let h(y) = -4*y - 3. Let v be h(-2). Let p be 3/(((-9)/v)/(-3)). Suppose 5*r - 35 = p*j, 2*r + 2*r = -2*j + 58. What is the highest common divisor of r and 12?
12
Let f(b) = -2*b**3 - 4*b**2 + 4*b - 2. Let a be f(3). Let m = -128 + 257. Let n = a + m. What is the highest common factor of n and 7?
7
Let i(n) = 2*n**2 + 21*n + 101. Let z be i(-11). What is the highest common divisor of 168 and z?
56
Let r = 38 - 36. Suppose -153 = -r*k + 9. Suppose -g + 2 + 7 = 0. Calculate the highest common divisor of g and k.
9
Let w(d) = d - 3. Let y be w(6). Suppose 0 = y*s - 32 + 11. What is the greatest common factor of 28 and s?
7
Let r(h) = 22*h**2 - 23*h - 6. Let w be r(3). Calculate the highest common factor of 697 and w.
41
Let v = 538 - 516. What is the greatest common divisor of 11 and v?
11
Suppose -6*v - 1 = -103. Suppose p + 16 = 5*p. Suppose w = -3*h + p*w + 567, 5*w = -3*h + 551. Calculate the greatest common factor of h and v.
17
Let m be 762/(-1*(-12)/(-64)*-8). Calculate the highest common factor of m and 12.
4
Suppose -33 = 4*h - 97. Let n be (-2)/3 - (-196)/6. Suppose -i - 3*i + n = 0. What is the highest common factor of i and h?
8
Suppose 0 = 3*k - 4*h - 19, -7*h + 4*h = 3*k - 54. What is the highest common factor of k and 91?
13
Suppose 0 = 2*w - 2, -9*c - w + 511 = -7*c. Let x = -138 + c. Calculate the greatest common factor of 13 and x.
13
Let h be ((-1)/(-2))/((-2)/(-80)). Let o = 42 - 31. Suppose f + 3*b - 51 = 0, o - 2 = -3*b. What is the greatest common factor of h and f?
20
Let l = 14 - 11. Let b(u) = 3*u - 7. Let i be b(l). Suppose -i*n + 7*n = 20. What is the highest common divisor of 44 and n?
4
Let b = -501 - -519. Suppose -90 = -4*o + 198. Calculate the highest common divisor of b and o.
18
Suppose -9 = -5*y + 1. Let o = 22 + y. Calculate the greatest common divisor of o and 16.
8
Suppose 0 = -4*k - 5*i + 26, -3*i = -k - 3*k + 10. Suppose 37 = k*o - 43. What is the greatest common factor of 40 and o?
20
Suppose -5*r + 0*y + 403 = -3*y, -4*y - 84 = -r. Calculate the highest common divisor of 128 and r.
16
Let z be (-9)/(-36) + (-270)/(-8). Let a be -3*3*z/51. Let j(x) = -2*x + 2. Let u be j(a). Calculate the highest common divisor of u and 154.
14
Let n = -374 - -429. Calculate the highest common divisor of 5 and n.
5
Suppose 112 - 376 = 2*h + 2*j, 4*h + 528 = 3*j. Let c = -80 - h. What is the highest common factor of c and 13?
13
Let d(c) = -c**3 + c**2 - 13*c - 26. Let w be d(-2). Let n be (-284)/(-14) + (-24)/84. Calculate the greatest common factor of n and w.
4
Let j = -442 - -739. Calculate the greatest common divisor of 81 and j.
27
Let w(x) = 68*x - 300. Let p be w(5). Let f be (-10)/(-4)*(-2 - -42). What is the highest common factor of p and f?
20
Let h = 1448 - -21. What is the greatest common factor of h and 13?
13
Let t be (8/(-10))/((-4)/130). Let l = 27 - t. What is the greatest common divisor of l and 8?
1
Let s = 32 - -254. What is the greatest common divisor of 66 and s?
22
Let q be 6/(-4)*40/(-30). Suppose q*j - 135 = 85. What is the highest common factor of 10 and j?
10
Let t be -1*1*4/(-4)*-30. Let d = -17 - t. Calculate the highest common divisor of d and 91.
13
Let x(c) = 5*c**2 + 3*c - 5. Let q be x(-4). Suppose -2*n = -17 - 5. Let b = n - 4. Calculate the highest common divisor of q and b.
7
Suppose -2*x + 2*v + 62 = -0*v, -x - 3*v = -27. Calculate the greatest common divisor of 360 and x.
30
Suppose w - 7 = -1. Let z(l) = l**2 + 18. Let d be z(0). What is the highest common factor of w and d?
6
Suppose 20*b + 3*b = 736. Suppose 0 = 2*r - b - 44. What is the greatest common factor of 152 and r?
38
Suppose -80 = 3*n - 2*n - 5*z, 0 = n - z + 100. Let k be (-5)/(-1)*n/25. Let q be 0 + -1*(k + 0). What is the greatest common factor of 14 and q?
7
Let k(t) = -t**2 + 6*t + 16. Let n be k(7). Let s be ((-7)/(-14))/(1/12). What is the greatest common factor of s and n?
3
Suppose -i + 11 = 59. Let o(m) = m**3 - 36*m**2 - 38*m + 39. Let t be o(37). Let j be t/5 - i/30. Calculate the greatest common divisor of 16 and j.
2
Suppose 77*j + 884 = 90*j. Calculate the greatest common divisor of 459 and j.
17
Suppose -r = -u + 61, -5*u + 179 = -2*u + r. Calculate the greatest common divisor of 130 and u.
10
Suppose 7 = 2*p + r, -r + 1 + 1 = -3*p. What is the highest common divisor of p and 1?
1
Let t be 1012/161*(-7)/(-2). Calculate the greatest common factor of t and 77.
11
Suppose -7*u = -6*u - 2. Let w be -2 + 16/(-8)*(-3)/u. What is the highest common divisor of 1 and w?
1
Let y(a) = -a**3 - 17*a**2 - 2*a + 2. Let x be (-1 + -1)/(6/51). Let h be y(x). What is the greatest common factor of h and 12?
12
Let f be 7 + (4 - 6) + 3. Calculate the greatest common divisor of 24 and f.
8
Let t = 262 - 234. What is the highest common divisor of 16 and t?
4
Let m be 8/28 - (-108)/14. Suppose -3*v = 4 + 5. Let g be (-2 - (v + 1)) + 8*5. What is the highest common factor of g and m?
8
Suppose -4*t - 12 = 8. Let s be (t - -4)/((-2)/6). Suppose 0*i - s*i + 39 = 0. What is the highest common divisor of i and 13?
13
Let j be ((-8)/10)/((-8)/(-20)). Let v be -285*(j - (-8)/6). Suppose -2*z + v = 4*x - 62, 4*x = 0. Calculate the greatest common factor of 18 and z.
18
Let n be (10 - 1)/(-4 + 5). Suppose -24 = 3*r - n*r. Suppose 3*b + 0*c + 3*c - 42 = 0, -2*b + 40 = -r*c. What is the greatest common divisor of 64 and b?
16
Let y = -437 - -507. What is the highest common divisor of y and 385?
35
Let b(g) = g**3 + 4*g**2 - g + 5. Let d be b(-5). Let u be (-178)/d + 4/30. Let t = -20 - -50. Calculate the greatest common divisor of u and t.
6
Suppose -125 = -5*w + 5*g, 3*w - 36 = -5*g + 55. What is the highest common factor of 135 and w?
27
Suppose -7*v = -31 - 39. Calculate the highest common divisor of v and 85.
5
Let k(a) = -2*a**2 - a - 16. Let i be k(-5). Let f = 71 + i. What is the highest common divisor of f and 30?
10
Let p(v) = 2*v**3 - 15*v**2 + 3*v - 4. Let q be 1/(-2) - (150/(-12) + 4). Let a be p(q). Calculate the highest common divisor of 210 and a.
42
Let m be (17/(-8))/(58/(-464)). What is the greatest common factor of 272 and m?
17
Let f(y) = -y**3 - 11*y**2 - 10*y + 1. Let n be f(-10). Let p be n/6 + 430/12. Suppose -a - a = -p. What is the highest common factor of a and 6?
6
Let a be 2/3 + 176/6. Let g be (2 - 32)*(16 - 9 - 9). Calculate the greatest common factor of g and a.
30
Let f be 26/(-117) - (-4)/18. Suppose 0 = -5*w + 5*x + 425, -w = -f*w - 2*x - 80. Calculate the greatest common divisor of 18 and w.
18
Suppose 3*z = -z. Let k be 10 - (z + -4)*(-5)/(-10). What is the highest common divisor of 12 and k?
12
Let g = 629 - 534. What is the highest common factor of g and 5?
5
Let w = -6 + 31. Suppose -3*k + 3*c = 0, k + c = -0*k + 6. Let d = w - k. Calculate the greatest common factor of d and 176.
22
Let l be (0 + 31)*(2 + -1). Suppose 10*n - 2 = 58. Let u(f) = 3*f**2 - 4*f + 9. Let b be u(n). Calculate the greatest common divisor of b and l.
31
Let m be (-8)/(-12)*(-2)/(40/(-270)). Calculate the highest common divisor of 81 and m.
9
Suppose -5*b = -5*m + 670, 3*m + 6*b = b + 362. Suppose 5*u - 4*h = 177, -300 + m = -5*u + 2*h. Calculate the greatest common divisor of u and 22.
11
Let z(w) = 4*w - 26. Let a be z(6). Let r(x) = -x**3 + 3*x**2 - 4. Let t be r(a). Calculate the highest common factor of t and 4.
4
Let q(v) = 12*v**2 - 2*v - 1. Let n be q(-1). Let i(z) = -z - 3. Let o be i(-6). Let y be 118 - ((-9)/(-3))/o. Calculate the greatest common divisor of n and y.
13
Suppose -2*r + 60 = 3*p - 8, -4*p = 4*r - 144. Calculate the highest common divisor of r and 170.
10
Suppose -46*g + 3654 = -25*g. What is the highest common divisor of 1798 and g?
58
Let m = 16 - -21. Let w = m - 32. Calculate the greatest common factor of 1 and w.
1
Let j = -275 - -293. Calculate the greatest common factor of j and 288.
18
Let f be (-14)/(-8) - (-10)/8. Suppose -40 - 20 = -f*n. What is the greatest common factor of n and 100?
20
Suppose -6*z + 9 = -3*z. Suppose 1 = -z*g + 16. Suppose 3*w - l - 422 = -2*w, -w + 74 = g*l. 